 is -450 (base 9) in base 16?
-171
Convert -11110 (base 2) to base 14.
-22
Convert 0 (base 10) to base 2.
0
17 (base 10) to base 15
12
What is -543 (base 8) in base 10?
-355
Convert 2 (base 9) to base 10.
2
What is 24 (base 5) in base 3?
112
What is -26 (base 13) in base 14?
-24
Convert 10110010 (base 2) to base 13.
109
-11000011 (base 2) to base 11
-168
What is -3 (base 5) in base 9?
-3
-42 (base 5) to base 10
-22
Convert -4 (base 5) to base 12.
-4
1 (base 10) to base 7
1
What is 0 (base 16) in base 2?
0
What is 0 (base 4) in base 9?
0
4 (base 14) to base 7
4
-3 (base 8) to base 6
-3
-100 (base 3) to base 16
-9
-332 (base 7) to base 3
-20022
What is -1 (base 2) in base 3?
-1
14 (base 15) to base 10
19
311 (base 4) to base 9
58
Convert -2a (base 11) to base 9.
-35
Convert 0 (base 3) to base 12.
0
What is -6 (base 14) in base 6?
-10
Convert 4 (base 12) to base 15.
4
2 (base 7) to base 9
2
What is 22 (base 4) in base 12?
a
Convert -1013 (base 4) to base 15.
-4b
Convert -2313 (base 4) to base 12.
-133
-5 (base 8) to base 12
-5
-c5 (base 13) to base 12
-115
Convert 4 (base 15) to base 16.
4
Convert 107 (base 10) to base 13.
83
10 (base 4) to base 15
4
What is -2 (base 6) in base 4?
-2
What is 7 (base 14) in base 16?
7
Convert -4 (base 13) to base 16.
-4
Convert -2 (base 14) to base 5.
-2
What is -8 (base 12) in base 3?
-22
What is -14 (base 11) in base 10?
-15
What is 1 (base 8) in base 12?
1
What is -10 (base 5) in base 15?
-5
Convert 101110 (base 2) to base 3.
1201
Convert -11 (base 15) to base 14.
-12
What is 12 (base 4) in base 15?
6
What is 1 (base 2) in base 6?
1
What is -4 (base 14) in base 2?
-100
Convert -101100 (base 2) to base 8.
-54
Convert 231 (base 5) to base 10.
66
What is 1b (base 16) in base 7?
36
Convert -441 (base 6) to base 16.
-a9
85 (base 10) to base 16
55
What is 6 (base 8) in base 14?
6
2 (base 6) to base 4
2
37 (base 13) to base 11
42
What is 45 (base 8) in base 16?
25
Convert -13 (base 4) to base 11.
-7
What is -24 (base 8) in base 4?
-110
Convert -158 (base 11) to base 9.
-224
-1 (base 7) to base 2
-1
-87 (base 14) to base 3
-11102
What is 11 (base 16) in base 7?
23
What is -3 (base 5) in base 12?
-3
-15 (base 15) to base 12
-18
Convert 0 (base 13) to base 11.
0
Convert 5 (base 9) to base 11.
5
3 (base 9) to base 13
3
Convert -13 (base 13) to base 7.
-22
113 (base 7) to base 6
135
7 (base 12) to base 15
7
4 (base 7) to base 4
10
Convert 4 (base 10) to base 2.
100
Convert -1052 (base 7) to base 10.
-380
What is -12 (base 13) in base 6?
-23
-24 (base 7) to base 6
-30
What is 25 (base 8) in base 11?
1a
2 (base 10) to base 11
2
Convert -10 (base 5) to base 9.
-5
What is -13 (base 5) in base 11?
-8
What is -2d (base 14) in base 12?
-35
1 (base 6) to base 5
1
-7a (base 16) to base 6
-322
Convert 32 (base 7) to base 6.
35
6 (base 12) to base 2
110
Convert 3 (base 6) to base 11.
3
What is -18 (base 16) in base 2?
-11000
Convert -21121 (base 3) to base 11.
-177
Convert 10 (base 4) to base 3.
11
-2 (base 8) to base 16
-2
1 (base 4) to base 16
1
Convert -2b (base 14) to base 3.
-1110
Convert 10222 (base 3) to base 10.
107
Convert -110000 (base 2) to base 5.
-143
Convert 101 (base 3) to base 10.
10
Convert 104 (base 12) to base 10.
148
What is 53 (base 9) in base 4?
300
62 (base 12) to base 4
1022
13 (base 4) to base 7
10
Convert -1 (base 2) to base 6.
-1
Convert -ab (base 13) to base 16.
-8d
What is 1 (base 12) in base 6?
1
What is -1 (base 16) in base 2?
-1
66 (base 10) to base 9
73
Convert 5 (base 13) to base 6.
5
0 (base 16) to base 10
0
1200 (base 3) to base 7
63
116 (base 15) to base 6
1050
Convert 0 (base 5) to base 12.
0
What is -110 (base 3) in base 8?
-14
Convert 178 (base 13) to base 10.
268
-16 (base 11) to base 10
-17
Convert -3 (base 15) to base 13.
-3
Convert -135 (base 15) to base 10.
-275
Convert -22 (base 5) to base 8.
-14
What is -4 (base 8) in base 15?
-4
4 (base 16) to base 4
10
115 (base 7) to base 6
141
-3 (base 10) to base 13
-3
What is -12 (base 7) in base 13?
-9
What is -4 (base 14) in base 13?
-4
-7b (base 14) to base 5
-414
Convert 1 (base 6) to base 8.
1
What is -10 (base 2) in base 13?
-2
What is -5 (base 9) in base 12?
-5
What is -3 (base 13) in base 8?
-3
Convert 31 (base 6) to base 9.
21
Convert -3 (base 13) to base 16.
-3
-206 (base 7) to base 15
-6e
What is 1120 (base 5) in base 4?
2200
103 (base 11) to base 4
1330
Convert -146 (base 9) to base 7.
-234
Convert -3 (base 7) to base 11.
-3
Convert 4 (base 16) to base 15.
4
Convert -5 (base 7) to base 9.
-5
What is 11 (base 7) in base 8?
10
Convert 14 (base 6) to base 12.
a
What is -7 (base 13) in base 7?
-10
-20 (base 7) to base 16
-e
-4a (base 15) to base 2
-1000110
What is 2 (base 8) in base 12?
2
What is 312 (base 5) in base 2?
1010010
Convert 43 (base 5) to base 4.
113
What is 7 (base 14) in base 4?
13
65 (base 10) to base 16
41
What is -214 (base 6) in base 10?
-82
Convert 9 (base 13) to base 5.
14
What is -2 (base 6) in base 14?
-2
What is -10 (base 4) in base 15?
-4
-10030 (base 4) to base 12
-1a4
Convert -4 (base 13) to base 8.
-4
86 (base 10) to base 3
10012
What is -74 (base 10) in base 4?
-1022
Convert 30 (base 9) to base 11.
25
5 (base 9) to base 10
5
1 (base 8) to base 10
1
What is 1222 (base 5) in base 13?
115
What is -2 (base 6) in base 4?
-2
-1 (base 5) to base 11
-1
4 (base 16) to base 15
4
Convert -3 (base 13) to base 15.
-3
-250 (base 6) to base 8
-146
What is 13 (base 10) in base 13?
10
Convert -7 (base 15) to base 16.
-7
What is 0 (base 3) in base 5?
0
What is 18 (base 11) in base 5?
34
Convert 0 (base 16) to base 12.
0
Convert -38 (base 10) to base 16.
-26
-26 (base 9) to base 13
-1b
What is -1 (base 4) in base 7?
-1
53 (base 7) to base 2
100110
98 (base 10) to base 13
77
What is -5 (base 16) in base 10?
-5
What is 17 (base 15) in base 11?
20
3 (base 7) to base 3
10
Convert 6 (base 15) to base 2.
110
-1010 (base 2) to base 9
-11
What is b0 (base 16) in base 10?
176
Convert -21 (base 13) to base 8.
-33
Convert -10211 (base 3) to base 10.
-103
What is -23 (base 14) in base 12?
-27
4 (base 13) to base 14
4
What is -50 (base 7) in base 15?
-25
What is 1 (base 9) in base 7?
1
Convert -1110 (base 2) to base 11.
-13
Convert -36 (base 7) to base 5.
-102
-5d (base 15) to base 9
-107
Convert -44 (base 5) to base 2.
-11000
-5a (base 13) to base 12
-63
Convert 7 (base 13) to base 14.
7
What is 0 (base 15) in base 3?
0
Convert 19 (base 14) to base 3.
212
0 (base 4) to base 6
0
What is -1103 (base 4) in base 14?
-5d
Convert -3 (base 9) to base 13.
-3
Convert 8 (base 9) to base 5.
13
What is -113 (base 7) in base 8?
-73
What is -c (base 15) in base 2?
-1100
-2 (base 11) to base 15
-2
What is -43 (base 16) in base 14?
-4b
What is 11 (base 5) in base 14?
6
Convert 316 (base 7) to base 13.
c4
-9 (base 10) to base 6
-13
What is -4 (base 5) in base 13?
-4
What is 10 (base 9) in base 2?
1001
-44 (base 11) to base 4
-300
201 (base 3) to base 9
21
What is -14d (base 15) in base 5?
-2143
22021 (base 3) to base 8
337
Convert -4 (base 9) to base 15.
-4
What is -10 (base 16) in base 9?
-17
Convert 1013 (base 6) to base 15.
100
7 (base 11) to base 3
21
-2 (base 6) to base 16
-2
0 (base 6) to base 10
0
What is -3 (base 16) in base 3?
-10
Convert a7 (base 11) to base 14.
85
-3 (base 8) to base 13
-3
Convert 15 (base 12) to base 9.
18
-1 (base 14) to base 12
-1
16 (base 16) to base 4
112
What is -20 (base 9) in base 10?
-18
Convert -110 (base 3) to base 6.
-20
-41 (base 5) to base 4
-111
-75 (base 10) to base 12
-63
What is -90 (base 12) in base 16?
-6c
-43 (base 13) to base 8
-67
Convert 4 (base 8) to base 14.
4
What is 10002 (base 3) in base 15?
58
What is 442 (base 6) in base 7?
332
Convert 27 (base 12) to base 14.
23
350 (base 6) to base 16
8a
Convert 0 (base 3) to base 15.
0
Convert -55 (base 16) to base 15.
-5a
What is 1100 (base 2) in base 9?
13
0 (base 9) to base 8
0
57 (base 10) to base 16
39
Convert 2 (base 8) to base 9.
2
What is -11d (base 15) in base 10?
-253
Convert 10 (base 3) to base 9.
3
Convert -22 (base 4) to base 3.
-101
30 (base 13) to base 8
47
16 (base 7) to base 15
d
What is 134 (base 7) in base 14?
54
-22 (base 13) to base 3
-1001
Convert 4 (base 11) to base 3.
11
Convert -39 (base 13) to base 5.
-143
What is 11002 (base 3) in bas